se 2*x = -19*x + 357. Calculate the greatest common factor of x and u.
17
Suppose -312*f + 374*f - 1984 = 0. What is the highest common factor of 5360 and f?
16
Let v be ((-1246)/(-1602))/(1/27). Let n(q) = -q**2 + q - 2. Let x be n(3). Let k be (-12)/x*(1 - -1). Calculate the greatest common factor of k and v.
3
Suppose 775 + 1854 = 119*i + 368. Suppose -k + 262 = s + 4*k, -s + 258 = k. Let c = s - 124. Calculate the greatest common divisor of i and c.
19
Let n be (-122)/3111 - (-2146)/102. Calculate the highest common factor of 343 and n.
7
Suppose -9*k = -474 + 168. Suppose -22*o + 3443 + 2541 = 0. What is the greatest common factor of o and k?
34
Let m be ((-6)/(-4))/(-1)*(-496 + 80). Let r be (m/3 + 6)*2. Calculate the greatest common factor of 107 and r.
107
Let g be (7 + (-3)/3)*(-2690)/(-807). Calculate the highest common divisor of g and 4630.
10
Let f be (-85 + 77)*(-134)/8. What is the greatest common divisor of 42 and f?
2
Let h(b) = -2*b**3 - 26*b**2 - 41*b - 147. Let g be h(-17). What is the greatest common divisor of g and 12?
6
Let z be 19 - ((-8100 - 21) + 22). What is the highest common divisor of 36 and z?
18
Suppose 42*a = 35*a + 3*g + 183, 3*a + 3*g = 57. What is the highest common factor of a and 23472?
24
Suppose 13*g - 217 - 95 = 0. Let u be 1*317 - ((g - 15) + -15). What is the greatest common factor of 85 and u?
17
Let b be (10/14)/((-4620)/(-1823976)). Let w = 22 - 16. What is the highest common factor of w and b?
6
Suppose -6*b - 1425 = 5*f - 4*b, -2*b = -f - 285. Let m = f + 327. Let x = -9 - -15. What is the greatest common divisor of m and x?
6
Suppose 0 = 59*l - 62*l - y + 5, -y = 4. Suppose -l*v + 2*q + 176 = -42, q + 217 = 3*v. Suppose 3*i = i + 216. Calculate the greatest common divisor of v and i.
36
Suppose -11*a - 3*a = -7*a. Let j be 4/16*(-4 - -48) - a. Calculate the greatest common factor of j and 869.
11
Let s(h) = -h**3 + 13*h**2 + 11. Let f be s(13). Let g be (88/(-20))/(6/(-165)). Calculate the highest common factor of g and f.
11
Let g be 8/3*(-168)/(-224). Let i be 188/16 + (-3)/(-12). Suppose 0 = d - 10 - i. Calculate the highest common factor of d and g.
2
Suppose 0 = 6*v - v - 400. Let f(r) = -94*r**2 - 742*r + 85. Let h be f(-8). Calculate the greatest common divisor of h and v.
5
Let a(u) = u**3 + 35*u**2 - 117*u - 82. Let g be a(-38). Let w(x) = -5*x - 8. Let k be w(-8). What is the greatest common factor of k and g?
32
Let r(w) = 112*w**2 + w - 1. Let v be r(-1). Suppose v*c - 115*c = -110. What is the highest common divisor of 176 and c?
22
Let z = 1933 - -9911. What is the greatest common factor of 252 and z?
252
Let n = -27 - -21. Let a be n*((-8)/3)/(-8). Let h = a - -46. Calculate the greatest common factor of 22 and h.
22
Suppose -m + 153 = 16*m. Let a be m/(-6)*20*(-50)/6. What is the greatest common divisor of a and 10?
10
Suppose 5*c + 4*g - 38 = 0, -3*c = 2*g - 32 + 10. Let j(m) = 2*m**2 - 11*m. Let x be j(c). Calculate the highest common factor of 213 and x.
3
Let j = -27 + 12. Let g(t) = t**2 + 16*t + 16. Let d be g(j). Let y(s) = 2*s**3 - s**2 - s + 1. Let v be y(d). What is the highest common divisor of v and 4?
1
Let b(z) = -z**2 + 43*z + 48. Let w = -62 + 105. Let m be b(w). What is the greatest common factor of 60 and m?
12
Suppose 0 = -3*r + 5*a - 46, r - 8*a = -7*a - 14. Let l be 6/r*-2 - -33. Let f = l + -33. Calculate the greatest common factor of 1 and f.
1
Let s be 28/6 + -4 + (-48)/(-9). Suppose 4*z + 4*t = s*z - 68, -3*t = -12. Calculate the highest common factor of 28 and z.
14
Let o(h) = 5*h**2 + 7*h + 6. Let t be o(-1). Suppose t*b + 7*q + 7 = 4*q, -q - 11 = -3*b. Suppose 69 = 10*i - 11. What is the highest common divisor of b and i?
2
Let v = 13 - 4. Let w be (-4)/(-3 - -11) - (-141)/6. Suppose 0 = 4*b - 27*b + w. What is the highest common factor of v and b?
1
Let u = -3577 - -4089. Calculate the highest common divisor of 3712 and u.
128
Let b = -1332 + 2232. Let f be b/16 + 10/(-40). What is the greatest common divisor of 40 and f?
8
Let t = 256 + -236. Suppose t*y - 4*x - 8 = 19*y, -2*x + 14 = 4*y. Calculate the greatest common divisor of 188 and y.
4
Let c(z) = -239*z + 1008. Let j be c(-19). Calculate the greatest common divisor of j and 124.
31
Suppose z = 5, 0*o + 16 = -2*o + 2*z. Let n be 2 - ((-18)/4 + o/6). Suppose -168 = -n*j - j. What is the highest common divisor of 3 and j?
3
Let o be (-99)/27 + 5 - 616/(-6). Let q = o - 78. Calculate the greatest common factor of 650 and q.
26
Let n(q) = 92*q**3 - 179*q**2 + 538*q + 1. Let f be n(3). What is the greatest common divisor of f and 8?
8
Let u be ((-928)/290)/(4/(-30)). Suppose -35 = -25*h + u*h. What is the highest common divisor of h and 665?
35
Suppose 0*i + 5*i = -a + 322, 3*i + a = 194. Suppose 3*u + 3*f - 474 = 0, 3*u + 5*f = 3*f + 476. Calculate the greatest common divisor of u and i.
32
Suppose 4*f - 472 = -2*s, 2*f + 18*s = 15*s + 244. Suppose -9*n + f = -235. What is the greatest common divisor of 91 and n?
13
Suppose n - 35*d - 5973 = -39*d, 40 = 5*d. What is the highest common divisor of n and 26?
13
Suppose -8013 = 99*z - 28605. Calculate the highest common divisor of 3692 and z.
52
Let m be ((-6)/(-2) + -25863)/((60/8)/(-5)). Calculate the greatest common divisor of 40 and m.
40
Suppose 14*k = 112 - 70. Suppose -5*h + 1643 = 4*a + 428, -k*h + 2*a = -751. Calculate the greatest common divisor of h and 13.
13
Suppose 4*x - 3*x = d - 10, 5*x = -3*d + 62. Suppose 0 = 4*f + 24 + 4, 27*i - 24*i - 140 = 5*f. Calculate the greatest common factor of i and d.
7
Suppose -4*z - z = 2*p - 138, -2*z = 3*p - 64. What is the highest common factor of z and 4706?
26
Let i(g) = -3*g + 99. Suppose 0 = 4*j + 5*h + 30, 6*j = 5*j + h - 12. Let p be i(j). Calculate the greatest common divisor of 215 and p.
43
Let g(a) = 36*a - 42*a + 37*a - 16. Let q be g(4). Suppose 5*n - q = -38. Calculate the greatest common factor of 112 and n.
14
Suppose 1021*t - 1017*t - 396 = 0. Calculate the greatest common divisor of 561 and t.
33
Let w be (-3 - -7)*(-17)/4. Let k = 16 - w. Let z(h) = 46*h - 181. Let r be z(4). What is the greatest common divisor of k and r?
3
Let s(z) = -z**2 + 14*z - 13. Let r be s(5). Let q = 67 - r. Let j(u) = u**2 + 3*u + 1. Let o be j(-4). Calculate the highest common divisor of o and q.
5
Let n(q) = -q**3 + 11*q**2 - q - 22. Let y be n(10). Let j = 437 - y. Calculate the highest common divisor of 9 and j.
9
Suppose -14*i = i + 90. Let b be 56/42*(-1)/(i/3465). What is the highest common factor of b and 70?
70
Let p(o) = o**3 + 43*o**2 + 80*o + 75. Let t be p(-41). Let i = -79 + t. What is the greatest common factor of i and 18?
6
Let c be (7/12)/((25 + -19)/72). What is the greatest common divisor of 45 and c?
1
Let t be -87 - -93 - 396/(-3). What is the highest common factor of t and 598?
46
Suppose 34 - 34 = -6*l. Let z be (5 - (-1 + l))/(18/54). Let r = -2 + 20. Calculate the greatest common divisor of r and z.
18
Let b be 3128/40 + (-1)/5. Suppose -5*i - t + 49 = -2*t, -i + 4*t + 6 = 0. Suppose 12*k - i*k = b. What is the highest common divisor of 26 and k?
13
Suppose -22*v - 123 = -25*v. Let h(k) = -2*k + 107. Let r be h(v). Calculate the greatest common factor of r and 115.
5
Let i be ((-12)/5)/(21/(-70)). Suppose -16*h + 40 = -i*h. Suppose -149 + h = -2*s. What is the highest common divisor of 9 and s?
9
Let c(h) = -2*h**2 + 28*h - 18. Let g be c(13). Let d = -53 + g. Let q be ((-120)/d)/(2/3). Calculate the greatest common factor of q and 5.
1
Let u be (11620/350)/(96/90 + (-2)/2). What is the greatest common factor of 27 and u?
3
Let d(f) = 181*f**3 + f**2 + 2*f + 1. Let b be d(-1). Let i = b + 119. Let q be (i/8)/(1/(-4)). Calculate the greatest common factor of 93 and q.
31
Suppose -15 = -u + 3*o, 18*u - 21*u = 3*o - 81. Calculate the greatest common divisor of u and 6366.
6
Suppose -101*y + 400 = -91*y. Calculate the highest common divisor of y and 872.
8
Suppose 3*w - 112 = 4*l, 2*l + 38 = -21*w + 22*w. Let q(c) = 9*c - 3. Let y be q(3). What is the greatest common divisor of y and w?
12
Let m(f) = -11*f - 35 + 127 + 3*f - 7*f. Let g be m(4). Calculate the highest common divisor of 128 and g.
32
Suppose 0 = 4*q - 5*c - 87, -13*q + 8*q + 150 = 2*c. Suppose -580 = 24*w - q*w. What